List the prime factors of (2*h)/((-6)/(5 - 2)).
83
Let a(k) = -117*k + 27. Let o be a(-3). Let j = o + -234. Suppose -j = -3*b + 54. What are the prime factors of b?
2, 3, 11
Let b be 3 + 133*2/1. Let h = 29 + b. List the prime factors of h.
2, 149
List the prime factors of (-214192)/24*(-5)/((-10)/(-3)).
11, 1217
Let r be (-2)/19 - 12915/(-133). Let z = -7 + 12. Let p = z + r. What are the prime factors of p?
2, 3, 17
Let t(u) = 2*u**2 + u - 99. Let f be t(0). Let s = f + 244. Suppose 2*n - 45 = 5*c, -s = -4*n + c - 2*c. List the prime factors of n.
5, 7
Let y = -7500 - -16803. What are the prime factors of y?
3, 7, 443
Let u = 887 + -351. List the prime factors of u/(-201)*282/(-4).
2, 47
Suppose 7*t + 11*t = 11*t + 82033. What are the prime factors of t?
11719
Let k = 164 + 9105. What are the prime factors of k?
13, 23, 31
List the prime factors of 3/(13 + -10) + 81*689.
2, 5, 5581
Let w(c) = 1541*c - 3830. What are the prime factors of w(29)?
7, 13, 449
Let b(o) = 30 - 9*o - 21 + 54*o**2 - 9. What are the prime factors of b(2)?
2, 3, 11
Let r(z) = -z**3 + z + 1. Let b(j) = -19*j**3 - 2*j**2 + 2. Let h(y) = b(y) - 2*r(y). Let o be h(-1). Let x = o - -22. What are the prime factors of x?
3, 13
Suppose 6*x + 3 = 5*x. Let s be 339*(-6)/(-9) - x. Suppose 4*h + s + 207 = 4*l, -5*l + 555 = 5*h. What are the prime factors of l?
2, 5, 11
Suppose 2*q = 4*m - 2, -5*m = -m - 4*q + 8. Suppose 264 = 4*a - m*j - 64, 4*a - 2*j = 324. Let i = a + -50. List the prime factors of i.
29
Let h(m) = 48*m**3 - 2*m**2 - 2*m + 3. Let g be h(1). Suppose 23*n - g*n = -34368. List the prime factors of n.
2, 179
Let l = -33514 - -62228. List the prime factors of l.
2, 7, 293
Let u(v) = 7*v**3 + 26*v**2 + 53*v + 9. Let m(o) = o**3 - 2. Let f(b) = 6*m(b) - u(b). What are the prime factors of f(-24)?
3, 11
Let c(u) = -24*u + 4. Let o be c(-6). Let k = o - -35. List the prime factors of k.
3, 61
Suppose -185407 = -5*i + r, 6*i = 26*r - 25*r + 222487. What are the prime factors of i?
2, 3, 5, 103
Let v(o) = -8*o + 10 + 17 + 1. Suppose -22*k - 105 - 203 = 0. List the prime factors of v(k).
2, 5, 7
Let l(i) be the third derivative of -7*i**4/8 + 56*i**3/3 - 12*i**2. List the prime factors of l(-6).
2, 7, 17
Let j(q) = 14*q**2 + 262*q - 166. List the prime factors of j(33).
2, 11863
Suppose 48*b = 666277 + 150107. What are the prime factors of b?
2, 1063
Suppose 113*j - 48*j - 227556 = 59*j. List the prime factors of j.
2, 3, 7, 43
Suppose 7*r = -10*r + 28242 - 4085. List the prime factors of r.
7, 29
Let x(z) = 50*z**2 + 150*z + 7461. List the prime factors of x(-37).
71, 991
Let r = 86 + -80. Suppose -r*o + 20 = -2*o, 3*o = 4*l - 1149. Let k = 419 - l. What are the prime factors of k?
2
Let w = 862 - 845. Suppose -w*k + 711 + 8265 = 0. List the prime factors of k.
2, 3, 11
What are the prime factors of (-3060)/(5 + -8) - (-6)/(-2)?
3, 113
Let s(c) = -35*c + 9*c + 12*c + 76. List the prime factors of s(-5).
2, 73
List the prime factors of ((-3)/2)/(29/((-31156034)/39)).
7, 5903
Let s(r) = -12*r + 31. Let f(p) = 23*p - 61. Let o(q) = -6*f(q) - 10*s(q). Let h be o(-6). Suppose -385 = -9*n + h. List the prime factors of n.
61
Let a = 16443 - 4897. What are the prime factors of a?
2, 23, 251
Suppose 3*y - 112 = -94, 18106 = 2*t + 6*y. List the prime factors of t.
5, 13, 139
Let k(u) = 4*u**2 + 12*u + 42. Let z be k(-7). Let h(l) = z*l**2 + 18 - 153*l**2 + 16. List the prime factors of h(7).
83
Suppose -29688 = -r - 3*t, -118707 = -4*r + 35*t - 38*t. List the prime factors of r.
3, 7, 157
Suppose -773916 + 3010 = -38*a. List the prime factors of a.
20287
Suppose 0 = -4*n - 8, -5*i + 3*n + 36 = 0. Let t be ((-28)/i)/((-4)/6). Suppose -t*p + 5*p = -54. List the prime factors of p.
3
Let a(b) = 23945*b**2 + 24*b - 5. List the prime factors of a(1).
2, 3, 1997
Let x(h) = -h**2 + 41*h - 34. Let d be x(13). Let l = d + 366. List the prime factors of l.
2, 3, 29
Let m(l) = 58*l**3 + 3*l**2 - 3*l + 241. List the prime factors of m(9).
79, 541
Let s(y) = y**3 - 14*y**2 - 11*y - 52. What are the prime factors of s(26)?
2, 13, 23
Let v = -250 - -560. Suppose -l - 615 = -5*z, -5*z + 305 = 3*l - v. Suppose -189 = -3*d + z. What are the prime factors of d?
2, 13
Suppose 84 = 2*i + 4*a, -5*a + 118 = 3*i - a. Suppose 0 = 5*t + 181 + i. List the prime factors of 2 - (0 + 2) - t.
43
Suppose -7*p + 217 = 147. Let d(f) = 9*f**2 + 30*f - 367. List the prime factors of d(p).
7, 17
Suppose -66*s = -0*s - 409548 - 823530. List the prime factors of s.
7, 17, 157
Let m(a) = 207*a**2 + 677*a - 6900. List the prime factors of m(10).
2, 5, 11, 17
Let t(k) = 976*k + 438. List the prime factors of t(7).
2, 5, 727
Let m(q) = -9*q**2 - 11*q - 2. Let d be m(-1). Suppose -3*l + 3*v + 5493 = d, 0 = 4*l + 3*v + 4225 - 11577. List the prime factors of l.
5, 367
Suppose 18*r + 3255 = 23*r. What are the prime factors of ((-12)/14)/((-2607)/r - -4)?
2, 3, 31
Let r(d) = 17*d. Let a be r(8). Let g be -99 + -3 + (-30)/15. Let v = g + a. List the prime factors of v.
2
Let w(y) = -y**2 + 5. Let n be w(0). Let v(l) = -1 + l**3 - 8*l + 2 + 2 + 7*l**2 + n*l. List the prime factors of v(-7).
2, 3
Let d = 69 - 84. List the prime factors of 6540/50*d/(-6).
3, 109
Let n(c) = -3*c**2 - 3*c + 1. Let p be n(-3). Let y(g) = -23*g - 58. Let d be y(p). Let q = 479 - d. What are the prime factors of q?
2, 73
Suppose 6*k = 14*k. List the prime factors of (-117 - -118)*(k/2 + 169).
13
Suppose -281*c = -244*c - 180005. What are the prime factors of c?
5, 7, 139
Let z = -434 + -1256. Let y = -1129 - z. What are the prime factors of y?
3, 11, 17
Let i be (14/10 - -1)/((-167)/835). Let b(v) = -51*v - 16. What are the prime factors of b(i)?
2, 149
Suppose 135*h = 140*h - 5*g - 25220, -3*g = -4*h + 20173. What are the prime factors of h?
71
Let x(m) = m**2 - 6*m + 33. Let q(k) be the second derivative of k**3/6 - k**2/2 + 21*k. Let n(o) = 3*q(o) + x(o). What are the prime factors of n(13)?
2, 5
Let z(j) be the second derivative of j**4/6 - 2*j + 2. Let o be z(-1). Suppose 0 = -5*c - 2*n + 218, 2*n - 87 = -o*c + n. What are the prime factors of c?
2, 11
Suppose -d + 10190 = -k + 292, -4*k = 4*d - 39592. List the prime factors of d.
2, 7, 101
Suppose -2*m = 1 - 13, 0 = -5*k + 5*m + 46025. What are the prime factors of k?
61, 151
Let o(c) = 13*c**2 - 482*c - 545. List the prime factors of o(70).
3, 5, 37, 53
Let u = 21350 - 10444. List the prime factors of u.
2, 7, 19, 41
Let g(p) = -42*p - 252. Let v be g(-6). Suppose v = -10*u + 11*u + 4*d - 764, 5*u = -d + 3782. What are the prime factors of u?
2, 3, 7
Suppose -28*y = -31*y + 3*p - 6, 3*y = 5*p - 10. Suppose -8*m - 7265 + 19729 = y. List the prime factors of m.
2, 19, 41
Let p be 118 + 5*7/35. Let g = 271 - p. List the prime factors of g.
2, 19
Suppose 5*o + 7 = -m, -3*o + 27 = 3*m - 0*m. Suppose -q - w + m = 0, -w + 69 = 5*q + 2*w. Suppose q*i - 19*i + 64 = 0. List the prime factors of i.
2
Let q(x) = -44*x + 7. Let p(a) = -a**2 + 9*a - 24. Let d be p(6). Let b be q(d). Let v = -108 + b. What are the prime factors of v?
163
Let p = -9170 + 13682. List the prime factors of p.
2, 3, 47
Suppose 4*a + 10821 = 3*o, 2*o - 3617 - 3583 = 5*a. What are the prime factors of o?
3, 5, 241
Suppose 96 = 4*k - 152. Suppose 0 = 8*g - 6*g + k. Let t = -12 - g. What are the prime factors of t?
19
What are the prime factors of (-25)/3*2652756/(-530)?
2, 5, 43, 97
Let u(q) = 7*q**2 + 33 - 1 - 11*q + 21. List the prime factors of u(9).
521
Suppose 28*z - 22*z = 144. What are the prime factors of 1/(-12) + 2234/z?
3, 31
Let k = -251 - -124. Let t = k + 341. What are the prime factors of t?
2, 107
Let r = 18160 - 12740. What are the prime factors of r?
2, 5, 271
Let g(p) = -2*p + 2. Let z be g(-2). Suppose z*n - 11*n + 20 = 0. Suppose -n*s - 2*s = -456. What are the prime factors of s?
2, 19
Let b(m) = -9*m**3 - 3*m**2 + 11*m + 25. Let v be b(-7). Let d = v - 1992. What are the prime factors of d?
2, 7
Let p = -55934 - -131940. List the prime factors of p.
2, 7, 61, 89
Let l(d) = -d**3 + 3*d**2 - 5. Let j be l(2). Let t be j/(-5) - (-2192)/40. Suppose 4*m = 5*u - t, 2*u = 3*u - 3*m. List the prime factors of u.
3, 5
Suppose -3*w + 77113 = -2*v - 48950, 2*w + 4*v = 84026. What are the prime factors of w?
42019
List